tors of f(t).
3, 23
Suppose -2*h + 35111 = w, 112*w - 107*w - 15 = 0. List the prime factors of h.
2, 67, 131
Let h(m) = m**2 - 2. Let f be h(-3). Suppose -f*o = 4*o - 1749. List the prime factors of o.
3, 53
Let i(x) = -157*x**3 + 2*x**2 + 8*x + 10. List the prime factors of i(-3).
4243
Suppose -10*s = -22 - 8. List the prime factors of 116*(2 - -5 - s).
2, 29
Let w(g) = -5*g - 40. Let n be w(-9). Suppose 2*a = n*q + 725, -a - 9*q + 4*q = -325. What are the prime factors of a?
2, 5, 7
Let m be 608*4/8*(-875)/(-10). Suppose -4*p = -23*p + m. List the prime factors of p.
2, 5, 7
List the prime factors of -717*14/63*-390.
2, 5, 13, 239
Suppose -4*h + 35336 = v, -4*v + 756*h - 754*h + 141272 = 0. List the prime factors of v.
2, 5, 883
Let z be (-450)/(-115) + (-20)/(-230). Suppose -3*j + 3775 = z*c, 4*c - 1737 = -j + 2036. What are the prime factors of c?
23, 41
Let q be ((-80)/(-70))/((-8)/(-28)). Suppose -3*d = -q*d + 210. What are the prime factors of d?
2, 3, 5, 7
Suppose -2*r = -r - 6. Let v be (-12)/18 + ((-1048)/r)/(-1). Suppose -k - 22 = -v. List the prime factors of k.
2, 19
Let w be (-5)/40 - 1166/16. Let t = w + 259. List the prime factors of t.
2, 3, 31
Suppose 0 = 2*x - 5*x + 987. Suppose 0*p - 3*a = p - x, 3*a = -12. What are the prime factors of p?
11, 31
Let w be (-24)/(-9)*7/(7/6). Let z(k) = -k**2 + 15*k + 15. Let i be z(w). What are the prime factors of (-2 + i/(-1))*-102?
2, 3, 17
Suppose 4*b = -0*v - 4*v + 248, -2*b = -4*v - 154. Let w = b + -112. Let o = 47 + w. What are the prime factors of o?
2
Let s = -58 + 108. Let o = 83 - s. Suppose 0 = -l + 47 - o. What are the prime factors of l?
2, 7
Let m(u) = -1073*u + 9619. What are the prime factors of m(-20)?
31079
Let b = -381 - -385. Suppose -b*q + 1200 = -624. What are the prime factors of q?
2, 3, 19
Let x(n) = -3*n - 6. Let s(i) = 3*i + 6. Let f(j) = 5*s(j) + 6*x(j). Let z = -91 + 88. List the prime factors of f(z).
3
Suppose 1203 + 138 = -3*p. Let u be 1 + 2 - (1 + p). Suppose u = 6*r + 101. What are the prime factors of r?
2, 29
Let y be (-54)/(-4) - 5/10. Suppose 2*a + y*a = 75. Suppose 3*z - 642 = -4*v, a*z + v + v - 1056 = 0. List the prime factors of z.
2, 3, 5, 7
Let n(u) = u**3 + 9*u**2 - 19*u - 25. Let o(p) = -p**3 - 8*p**2 + 18*p + 24. Let f(q) = -2*n(q) - 3*o(q). What are the prime factors of f(7)?
503
Suppose -5*a = -44*a + 10530. List the prime factors of ((465/(-6))/5)/((-15)/a).
3, 31
Suppose -4*m + 265748 = -4088. What are the prime factors of m?
7, 23, 419
Let p(g) = 83*g + 1059. What are the prime factors of p(22)?
5, 577
Suppose m - 20 = -2*c, -23 = -2*m - c + 17. Let l(u) = 21*u + 13. List the prime factors of l(m).
433
Suppose -2*i + 21584 - 7664 = 0. What are the prime factors of i?
2, 3, 5, 29
Suppose -b - 4*q = 7, -3*q + 6*q + 6 = 0. List the prime factors of (5 + 301/14)/(b/14).
7, 53
Let q be ((-488)/6)/((-18)/81). Suppose 2*i + 2*i + k - 1464 = 0, -i + 2*k = -q. Suppose 14 = 4*y - i. What are the prime factors of y?
5, 19
Let d(f) be the second derivative of f**5/20 + 41*f**4/12 + 13*f**3/2 + 127*f**2/2 - 20*f - 4. What are the prime factors of d(-40)?
167
Let g(d) = -d - 4. Let f be g(6). List the prime factors of 503/(-3)*(f + 7).
503
Let r be 88 + ((-18)/(-8) - 1/4). Suppose -11*d + d - r = 0. List the prime factors of 2/(-5) + d*(-596)/60.
89
Suppose 0 = 3*u - u. Suppose x = -0 - u. Suppose 0 = 2*t - 3*f - 112, t - 3*f + 4*f - 66 = x. What are the prime factors of t?
2, 31
Let k = 6642 - 5952. What are the prime factors of k?
2, 3, 5, 23
Suppose -3*v - 23 - 112 = -4*t, 0 = 3*t + 2*v - 97. Let m = t + 11. List the prime factors of m/4 - (2 - 0/1).
3
Let i = -8500 + 30895. List the prime factors of i.
3, 5, 1493
Suppose 42*i = -21*i + 119326 + 122846. List the prime factors of i.
2, 31
Suppose -2*g + 21536 = -2*x + 4*x, 5*g + 2*x - 53825 = 0. What are the prime factors of g?
47, 229
Suppose -4*h = -4, 4*h - 3454 = 41*k - 42*k. List the prime factors of k.
2, 3, 5, 23
Let g(t) = t**2 + 23*t - 135. Let n be g(-28). Let r be (15/10)/(3/2). Suppose -6*l - r = -4*l - 3*j, 0 = l - n*j + 18. What are the prime factors of l?
7
Let t(c) = 138*c**2 - 66*c - 30. List the prime factors of t(3).
2, 3, 13
Let p(n) = 42*n**2 + 22*n + 8. What are the prime factors of p(11)?
2, 31, 43
Let s(c) = -2554*c + 789. What are the prime factors of s(-4)?
5, 31, 71
Let s(p) = 5*p - 20. Let u be s(7). Suppose -5*g - u = 5. List the prime factors of 11 + 5/(10/g).
3
Suppose -6*b + 2*b = -5*r + 6, 4*b - r = -14. List the prime factors of -165*(b + 70/25).
2, 3, 11
Let r(n) = 117*n**3 + n**2 - 26*n + 101. List the prime factors of r(3).
3191
Let i be (-3)/15 - (8492/(-5))/2. Suppose 2*f = 10, -4*k - 2*f = -f - i. What are the prime factors of k?
211
Let h = -8993 - -15781. List the prime factors of h.
2, 1697
Suppose -5*n + 107939 = -7*u, -5*n - 30*u + 108003 = -29*u. List the prime factors of n.
21599
Suppose -13*h - 12808 = -2096. Let j = -508 - h. What are the prime factors of j?
2, 79
Let l(k) = 4*k**2 + 6*k + 6. Let j be l(-8). Let h be j + (4 - (1 + 0)). Suppose -t + 178 = 4*f, -4*f + 9*f - h = -4*t. List the prime factors of f.
3, 5
Suppose 987 = i + 259. Suppose -t = -n - 4*t - 173, 4*n + 3*t = -i. List the prime factors of (n - 1)*(-3)/6.
3, 31
Let b(j) = -108*j - 317. Let l be b(-3). Let t be (-30)/(-2)*1*18. Suppose t = l*y - 4*y. What are the prime factors of y?
2, 3, 5
Let o = 441 + -426. Suppose -o*a - 370 = -16*a. What are the prime factors of a?
2, 5, 37
Let n be (-138)/(4 + 54/(-13)). Suppose f - n = -78. List the prime factors of f.
3, 7, 13
Let i = -180 + 189. List the prime factors of (-7410)/(-16) + ((-36)/32)/i.
463
Let t be (0 - 1)/(13/(-52)). Suppose o + 6 - t = 0. List the prime factors of (2024/(-69))/(o/3).
2, 11
Suppose 0 = -6*o + 4*o. Suppose 4*u - 33 + 13 = o. Suppose u*q = 114 + 61. List the prime factors of q.
5, 7
What are the prime factors of 0 - -13787 - (3 - (3 + -1))?
2, 61, 113
Let p(q) be the first derivative of 33/2*q**2 - 1/3*q**3 + 87*q + 38. What are the prime factors of p(25)?
7, 41
Suppose -4*s + 40 = -56. Let o(a) = -s + 56 - 2*a - 12. What are the prime factors of o(7)?
2, 3
Let w = -7258 - -18090. List the prime factors of w.
2, 677
Suppose -64 = 2*j + 48. Let h = 103 + j. List the prime factors of h.
47
Suppose -6*t + 37 = -17. Suppose -10*u + t*u = -2. Suppose u*s + 42 = 5*s. What are the prime factors of s?
2, 7
Suppose 3*u + 0*u - 5*s = 29, 6 = -2*u - 3*s. Suppose -k + 165 = u*h - 0*k, -3*k = 0. Suppose -i - 16 = -h. What are the prime factors of i?
3, 13
What are the prime factors of 3/9 - 26117/(-39)?
2, 5, 67
Let r be (24/18)/((-2)/(-3)). Suppose 3*i = 1 + r. What are the prime factors of -5 + 2 - -27*i?
2, 3
Suppose 5*u = -4*t + 165, -20 = -2*t + 5*u + 85. Let q be (-2)/4*(-10 + 2). Suppose -7*m + q = -t. What are the prime factors of m?
7
Let j = 96 + -97. What are the prime factors of 269 + 28 + (-5)/j?
2, 151
Suppose 0 = x - 2*t - 3386, -5*x - 33*t = -29*t - 16860. List the prime factors of x.
2, 211
Let i be -4*2/(0 - (-8)/(-6)). Suppose 11 = -5*r - i*r. List the prime factors of r + 130 + 0 + 1 + -1.
3, 43
Let k(i) = -5*i**3 + i**2 - 8*i - 21. Let n be k(-5). Let c = n - 226. What are the prime factors of c?
443
Let t be (-30)/(-4) + (-2)/(-8)*-6. Suppose -1730 = -t*r + 2638. What are the prime factors of r?
2, 7, 13
Let m(l) = 112*l + 1769. List the prime factors of m(7).
3, 23, 37
Suppose -k - 3*w + 4 + 1 = 0, 0 = -2*k + w + 17. Suppose 1 + 31 = k*u. Suppose u*b - 2*d - 260 = 2*d, -4*d = -5*b + 326. List the prime factors of b.
2, 3, 11
Let c = -2 - -2. Suppose 0 = 3*y + 2*p - 8, 2*p - 7*p = 3*y - 2. Suppose -y*w + 0*w + 188 = c. What are the prime factors of w?
47
Let r(s) = -s**3 - 8*s**2 + 9*s - 1. Let g be r(-9). Suppose 34*q + 375 = 69. List the prime factors of ((-13)/(-3))/(g/q).
3, 13
Suppose -3*f + 2*d + 4145 + 77 = 0, -3*d - 4224 = -3*f. Suppose -f = -5*b + 4*j, j = -0*j + 1. List the prime factors of b.
2, 3, 47
Let l be -3 - ((-16)/(-10))/((-1)/5). Suppose 9 - l = -p. Let w(j) = 9*j**2 + 15*j - 4. List the prime factors of w(p).
2, 5
Let m(q) = 9453*q**2 + 22*q + 4. What are the prime factors of m(-1)?
3, 5, 17, 37
Suppose -39*g + 5*g = 1326. List the prime factors of 39 + g + (0 + 1 - -531).
2,